the prime factors of z(p).
2
Suppose -h - 5 = -2*h. Suppose 3*p = -h*r + 2*p + 5, 5*p + 1 = r. Let d(j) = 20*j + 1. What are the prime factors of d(r)?
3, 7
Let n(i) = 13*i**2 + 24 - 2*i + 17 + i**3 - 53. List the prime factors of n(-13).
2, 7
Suppose -y = -2*y + 8. Let l = y - 8. Suppose 0 = 4*s - 5*g - 62, s - 2*s + 3*g + 19 = l. What are the prime factors of s?
13
Let t(d) = -5*d - 2 - 2 - 2*d + d**2. Let n be t(8). Suppose 0 = -4*w - n*g - 6 + 38, 0 = g. List the prime factors of w.
2
Suppose 7*b - 396 = b. What are the prime factors of b?
2, 3, 11
Suppose -i = -2*i + 4. Suppose 3*p - i*b = 16, -p = -5*p + 5*b + 21. Suppose 6 = 5*f - p. What are the prime factors of f?
2
Suppose -g = -123 + 1264. What are the prime factors of g/(-35) + (-6)/10?
2
Let c = -1 + 5. Suppose 0 = -b - 3*o + 15, 3*o - c = 2. What are the prime factors of b?
3
Let f = -9 + 42. List the prime factors of f.
3, 11
Let v(r) = -4*r + 0*r + 2*r - 2 + 13*r**2. What are the prime factors of v(-2)?
2, 3
Let s(x) = -5*x + 7. What are the prime factors of s(-22)?
3, 13
Suppose 9 = 5*d + w, 4*d = -5*w - 3 + 6. Let t = d - -1. Suppose k - 10 = t*x, 4*x - 8 = -7*k + 3*k. List the prime factors of k.
2
Let b(j) = -2 + 1 - 2 + 3*j. Suppose -2*n - 2*c = 0, 3*n - 2*c - 5 = 10. What are the prime factors of b(n)?
2, 3
Let y(k) = -2*k. Let a = 13 - 8. Suppose a = -0*t - t. What are the prime factors of y(t)?
2, 5
Suppose 2*z = -3*z + 915. What are the prime factors of z?
3, 61
Let n = 38 - 22. List the prime factors of n.
2
Let d = -8 - 0. Let c = 41 + -28. Let a = c + d. List the prime factors of a.
5
Suppose 0*a - 36 = -z + 5*a, -5*a = 20. What are the prime factors of z?
2
Let y be 48/21 - 4/14. Suppose 5*z - 2 = -v, v + 2*z - 3 = -y*z. What are the prime factors of v?
7
Let g(s) = s**2 + 5*s - 8. Let o be g(-6). List the prime factors of 6 - (o + (-2)/(-2)).
7
Let l = 15 + 31. What are the prime factors of l?
2, 23
Let k = 6 - -2. List the prime factors of k.
2
Suppose -4*v + 10 + 6 = 0. Suppose -4*x + v = -8. Suppose 4*w + 18 = x*z, z - 3*w = -2*z + 15. What are the prime factors of z?
2
Suppose a - 30 = -v, -3*v = -4*a + 62 + 51. List the prime factors of a.
29
Let f be ((-6)/15)/(4/(-20)). Let q(t) = 21*t - 3. List the prime factors of q(f).
3, 13
Let w = -36 + 52. Suppose -3*j - w = j. Let d = j - -11. List the prime factors of d.
7
Suppose -3*j + 29 - 5 = 0. Let p be j/(-12) + 166/6. Suppose 0 = -2*u - 2*d + 14, u - d - p = 2*d. What are the prime factors of u?
2, 3
Suppose -34 = -5*h + 51. What are the prime factors of h?
17
What are the prime factors of (20/(-25))/((-7)/((-3570)/(-4)))?
2, 3, 17
Let l(m) be the second derivative of -m**3/6 + 9*m**2/2 - m. Suppose 1 = -2*o - 5, 0 = 3*h + 5*o. What are the prime factors of l(h)?
2
Suppose 9 = -t + 4*y, 3*y + 0 - 3 = 0. Let h = 11 + t. Suppose 0 = -f + h*f - 60. What are the prime factors of f?
2, 3
Suppose 4*i + 3 = 11, -4*v + 950 = 3*i. What are the prime factors of v?
2, 59
Suppose 3*c = -2*c - 2*n + 213, -2*c + 85 = n. List the prime factors of c.
43
Let c(x) be the first derivative of x**3/3 - x**2/2 + 13*x - 3. List the prime factors of c(0).
13
Let t(o) = -o**3 - 2*o**2 + 13*o + 3. What are the prime factors of t(-6)?
3, 23
Let y = 38 + -56. Let b(r) = -29*r + 1. Let a be b(-1). Let z = a + y. List the prime factors of z.
2, 3
Suppose -3*i + 7*p = 2*p - 2, 0 = -i - 4*p - 5. List the prime factors of 10 + 1/i + 1.
2, 5
Let t(u) = u**3 - 2*u**2 - 2*u. Let v be t(3). List the prime factors of v/(-2) + (-21)/(-6).
2
Let o(i) = i**2 - 5*i + 4. Let u be o(4). Suppose -15 = -5*j - u. What are the prime factors of j?
3
Suppose 0 = 3*a - 6*o + o - 241, -3*a = -3*o - 237. List the prime factors of a.
7, 11
Let j(h) = 2*h + 11. Let t be j(-10). Let o = -7 - t. Suppose 2*k - 84 = -o*k. What are the prime factors of k?
3, 7
Let g be 262 - 4/(12/3). List the prime factors of g/45*(-1 + 6).
29
Let k(u) = -4*u - 68. List the prime factors of k(-26).
2, 3
Let c = -4 - -3. Let l be 4 + c/1 + 0. What are the prime factors of (-16)/4*l/(-2)?
2, 3
Let h(g) = g + 1. Let i be ((-4)/6)/(10/(-75)). Let z be h(i). List the prime factors of (16/z)/(4/18).
2, 3
List the prime factors of 3 + -2 - (5 - 74).
2, 5, 7
Let n be 0/(-2)*2/4. Suppose -2*j = -80 + 12. Suppose -3*f - 1 + j = n. What are the prime factors of f?
11
Suppose r = p + 4*r - 17, 4*p = -3*r + 23. Suppose -p*j = 3*j - 15. List the prime factors of 9/1 + (3 - j).
3
What are the prime factors of (-60)/(-8) + 3/6?
2
Let v = 25 - 19. What are the prime factors of v?
2, 3
Let o be (-3)/(-9)*(-39)/1. Let r = -3 - o. List the prime factors of r.
2, 5
Let x = -4 + 5. List the prime factors of (0/3 + 7)/x.
7
Let h(x) = x**3 - 9*x**2 + 10*x + 10. Suppose -r - f + 6 = 0, -6 = -3*r - 5*f + 8. List the prime factors of h(r).
2, 13
Let p(l) = l**2 + 9*l + 8. Let q be p(-8). Let a = -20 + 30. Let y = a + q. List the prime factors of y.
2, 5
Let b(y) = 16*y - 5. Let n be b(3). Suppose 0*v + n = 3*v - 2*l, 5*v - l - 74 = 0. What are the prime factors of v?
3, 5
Let p be 8/(-3) + 4/6. Let t be -2*(p - -3) - -5. Suppose 6*s - t*s - 18 = 0. List the prime factors of s.
2, 3
Let h(u) = -u**2 + 6*u + 1. Let r be h(7). Let v = -17 - r. Let j = v + 20. What are the prime factors of j?
3
Suppose -5*v + 50 = s, -2*v + 4*s + 0 = 2. Let p = v - 6. List the prime factors of p.
3
Suppose -6*y = -3*y - 93. Let w = -21 + y. What are the prime factors of w?
2, 5
Let v = 7 - 3. Let h(i) = 3 + 0*i - 2*i - v + 0. What are the prime factors of h(-5)?
3
Let l = 189 + -42. List the prime factors of l.
3, 7
What are the prime factors of 1 - (117/(-3) + -1)?
41
Suppose 3*c - 762 = -4*u, -5*u - 191 + 1159 = -4*c. List the prime factors of u.
2, 3
List the prime factors of 196/4 + 1 + 1.
3, 17
Let n = 9 - 5. Suppose -v + 33 + 1 = 4*c, n*c - 12 = 0. List the prime factors of v.
2, 11
Let u(s) = s**3 - 5*s**2 - 6*s + 2. Let p be u(6). Suppose -3*h + 8 = -p*h. Let m = 16 - h. List the prime factors of m.
2
Let s = 74 - 132. Let a = -34 - s. Suppose -8*u + 4*u = -a. What are the prime factors of u?
2, 3
Suppose z - 1 = 0, k - 8 = 4*z + 8. List the prime factors of k.
2, 5
Suppose 8*k + 30 = 9*k. What are the prime factors of k?
2, 3, 5
Let s(a) = -a - 1. Let r be s(1). Let o = r - -9. List the prime factors of o.
7
Let b = 1 + -7. What are the prime factors of 138/9 + 2/b?
3, 5
Suppose x = 2*x - 4. Let s be (-5)/20 - 91/x. Let u = s - -38. What are the prime factors of u?
3, 5
What are the prime factors of 121 - 3*(-2 + 3)?
2, 59
Let v = 163 - 115. List the prime factors of v.
2, 3
Suppose -4*c + 4 = 28. What are the prime factors of 304/10 - c/(-15)?
2, 3, 5
Suppose -17 = 5*s - 1657. List the prime factors of s.
2, 41
Let x(d) = -18*d - 5. Let b be x(-5). Let z = 50 - b. What are the prime factors of z/(-14)*4/5?
2
Let c(m) be the second derivative of m**4/12 + m**3/2 + 2*m**2 + 3*m. What are the prime factors of c(-5)?
2, 7
Suppose 7*r - 6*r = 0. Suppose r = -g + 23 + 27. List the prime factors of g.
2, 5
Suppose -6*g + 4*g - 5*i + 250 = 0, -2*g = -2*i - 236. What are the prime factors of g?
2, 3, 5
Let c(h) = 4*h + 9. What are the prime factors of c(9)?
3, 5
Let z(j) = -j**3 - 6*j**2 - j - 3. Suppose -6*i = -2*i + 4*r + 40, -3*r = -2*i. Let p be z(i). Suppose -l - 24 = -p*l. List the prime factors of l.
2, 3
Suppose -5*o = 0, 4*o + 237 = 5*y + 682. Let d = -60 - y. What are the prime factors of d?
29
Let j(p) = 70*p - 1. List the prime factors of j(2).
139
Let y be 1 - (-14 + (-1)/(-1)). Suppose -p + 2 = 3, -5*x + y = p. Suppose x*v = 5*v - 18. What are the prime factors of v?
3
Let w = 74 + -21. What are the prime factors of w?
53
Let d(x) be the first derivative of x**4/8 - x**2 + 2. Let l(k) be the second derivative of d(k). List the prime factors of l(3).
3
Let y(a) = 2*a**3 - 6*a**2 + 6*a + 6. What are the prime factors of y(5)?
2, 17
List the prime factors of (-3 - (-15)/6) + 258/4.
2
Let h(t) = t**3 - 10*t**2 + 12*t - 9. Suppose 36 = -0*v + 4*v. Let p be h(v). Suppose 0 = -3*k + p + 3. List the prime factors of k.
7
Let o(q) be the third derivative of -2*q**2 + 0*q + 1/120*q**6 + 0 + 7/24*q**4 + 2/15*q**5 + 3/2*q**3. List the prime factors of o(-7).
3
Let k(t) = -2*t - 9. Let j be k(-7). Suppose -j*s + 34 + 36 = 0